 millions digit of 10158608?
0
What is the ten millions digit of 122016940?
2
What is the ten thousands digit of 3699370173?
7
What is the millions digit of 49217363?
9
What is the thousands digit of 31657201?
7
What is the hundred thousands digit of 320149310?
1
What is the hundred thousands digit of 91725229?
7
What is the ten millions digit of 3529880439?
2
What is the ten thousands digit of 3563905140?
0
What is the ten thousands digit of 3339603280?
0
What is the units digit of 15310086?
6
What is the ten millions digit of 813655137?
1
What is the tens digit of 923982654?
5
What is the hundreds digit of 28714287?
2
What is the thousands digit of 44781350?
1
What is the tens digit of 1116456550?
5
What is the hundred thousands digit of 15648144?
6
What is the thousands digit of 116881977?
1
What is the ten thousands digit of 217224941?
2
What is the hundreds digit of 183151121?
1
What is the hundred thousands digit of 352482850?
4
What is the hundreds digit of 35024334?
3
What is the ten millions digit of 37202474?
3
What is the millions digit of 565125557?
5
What is the hundred millions digit of 1639315755?
6
What is the millions digit of 2119563?
2
What is the tens digit of 46800725?
2
What is the millions digit of 15307557?
5
What is the ten millions digit of 92658899?
9
What is the thousands digit of 3435423579?
3
What is the thousands digit of 20418376?
8
What is the ten millions digit of 3306097123?
0
What is the tens digit of 54536349?
4
What is the thousands digit of 85735385?
5
What is the ten thousands digit of 1680681903?
8
What is the ten thousands digit of 25080030?
8
What is the ten millions digit of 509201541?
0
What is the millions digit of 215067860?
5
What is the thousands digit of 13163768?
3
What is the hundred millions digit of 377961888?
3
What is the ten thousands digit of 4199802?
9
What is the thousands digit of 98991267?
1
What is the thousands digit of 11702659?
2
What is the hundreds digit of 1706813866?
8
What is the units digit of 26966902?
2
What is the ten millions digit of 2594268664?
9
What is the ten millions digit of 304726666?
0
What is the hundreds digit of 2530381749?
7
What is the hundred millions digit of 1963560167?
9
What is the hundreds digit of 2763769851?
8
What is the ten thousands digit of 20480123?
8
What is the hundreds digit of 123112005?
0
What is the tens digit of 121881128?
2
What is the hundred thousands digit of 892908737?
9
What is the hundreds digit of 186299227?
2
What is the millions digit of 1800814688?
0
What is the thousands digit of 127076130?
6
What is the ten millions digit of 94499588?
9
What is the thousands digit of 721757855?
7
What is the ten millions digit of 1456830558?
5
What is the thousands digit of 2223813168?
3
What is the millions digit of 31105003?
1
What is the units digit of 709513652?
2
What is the units digit of 241016063?
3
What is the hundred thousands digit of 121318501?
3
What is the millions digit of 361247444?
1
What is the thousands digit of 66348395?
8
What is the hundred millions digit of 1572882381?
5
What is the millions digit of 730498420?
0
What is the ten millions digit of 2614888129?
1
What is the thousands digit of 1478130313?
0
What is the tens digit of 61053818?
1
What is the ten thousands digit of 184333578?
3
What is the millions digit of 1117451108?
7
What is the hundred thousands digit of 1355337149?
3
What is the thousands digit of 2778288294?
8
What is the ten thousands digit of 1910336739?
3
What is the millions digit of 106421723?
6
What is the ten thousands digit of 57640972?
4
What is the ten thousands digit of 2128855431?
5
What is the ten millions digit of 140155519?
4
What is the hundred thousands digit of 183841505?
8
What is the hundred millions digit of 588663635?
5
What is the tens digit of 7319464868?
6
What is the ten millions digit of 9701055329?
0
What is the ten thousands digit of 303460191?
6
What is the hundreds digit of 87744444?
4
What is the thousands digit of 81083085?
3
What is the thousands digit of 37191166?
1
What is the units digit of 50458862?
2
What is the hundreds digit of 24209222?
2
What is the ten millions digit of 67135811?
6
What is the tens digit of 206826069?
6
What is the millions digit of 1393493005?
3
What is the thousands digit of 52254871?
4
What is the ten millions digit of 180863502?
8
What is the units digit of 1979938?
8
What is the ten thousands digit of 10752512?
5
What is the thousands digit of 5773854087?
4
What is the millions digit of 414726240?
4
What is the ten millions digit of 735351970?
3
What is the hundred millions digit of 597678215?
5
What is the ten thousands digit of 71312276?
1
What is the tens digit of 466689376?
7
What is the ten millions digit of 378398213?
7
What is the hundred thousands digit of 779465566?
4
What is the units digit of 343680635?
5
What is the thousands digit of 43785710?
5
What is the tens digit of 2651460?
6
What is the thousands digit of 438720237?
0
What is the thousands digit of 233362485?
2
What is the thousands digit of 46274154?
4
What is the units digit of 3599035712?
2
What is the thousands digit of 8397282?
7
What is the ten thousands digit of 19062767?
6
What is the millions digit of 3426510364?
6
What is the ten thousands digit of 1257632149?
3
What is the millions digit of 229975890?
9
What is the units digit of 892862749?
9
What is the thousands digit of 271375564?
5
What is the hundred thousands digit of 2506079395?
0
What is the tens digit of 19711343?
4
What is the hundreds digit of 172471247?
2
What is the hundred millions digit of 107559765?
1
What is the thousands digit of 20672664?
2
What is the thousands digit of 602743210?
3
What is the millions digit of 3640587461?
0
What is the tens digit of 267851664?
6
What is the hundred millions digit of 110550027?
1
What is the billions digit of 5721148444?
5
What is the ten millions digit of 5176777871?
7
What is the hundreds digit of 168475943?
9
What is the hundred thousands digit of 1110183788?
1
What is the units digit of 148750284?
4
What is the ten thousands digit of 775804917?
0
What is the hundreds digit of 1110640566?
5
What is the hundred thousands digit of 124920819?
9
What is the hundreds digit of 105729623?
6
What is the ten thousands digit of 37357717?
5
What is the ten millions digit of 403747461?
0
What is the ten millions digit of 3947772626?
4
What is the hundreds digit of 241206627?
6
What is the hundred millions digit of 503385605?
5
What is the millions digit of 839331810?
9
What is the millions digit of 6567046?
6
What is the thousands digit of 889323931?
3
What is the ten thousands digit of 2121403306?
0
What is the ten millions digit of 728841972?
2
What is the billions digit of 1178238992?
1
What is the ten millions digit of 710662290?
1
What is the tens digit of 1914668247?
4
What is the ten millions digit of 175441386?
7
What is the millions digit of 83364212?
3
What is the billions digit of 1530516621?
1
What is the hundred millions digit of 275382362?
2
What is the hundred millions digit of 4028707616?
0
What is the millions digit of 4902889?
4
What is the hundred thousands digit of 843808224?
8
What is the hundred thousands digit of 811008828?
0
What is the tens digit of 95464933?
3
What is the thousands digit of 3285824390?
4
What is the ten millions digit of 39403624?
3
What is the hundred thousands digit of 889979110?
9
What is the units digit of 430287?
7
What is the units digit of 1134682592?
2
What is the millions digit of 59753339?
9
What is the millions digit of 79941679?
9
What is the ten millions digit of 280513648?
8
What is the hundred thousands digit of 1278872287?
8
What is the millions digit of 4426326517?
6
What is the tens digit of 116533025?
2
What is the tens digit of 1067450061?
6
What is the ten thousands digit of 1373895255?
9
What is the units digit of 275547492?
2
What is the hundred thousands digit of 1018842305?
8
What is the units digit of 23938382?
2
What is the hundreds digit of 89797847?
8
What is the ten thousands digit of 1005923148?
2
What is the tens digit of 1560056915?
1
What is the billions digit of 4667621401?
4
What is the tens digit of 477009442?
4
What is the hundred millions digit of 714987451?
7
What is the u